*h + 3. Let g be r(5). Let x = -3 - -5. Calculate the highest common divisor of g and x.
1
Let p(d) = -d**3 - 2*d**2 + 6*d - 3. Let h be p(-6). Calculate the greatest common factor of 15 and h.
15
Let b = 47 - 21. What is the greatest common factor of b and 13?
13
Let h = -24 - -47. Let b be (12/10)/(8/20). Suppose 4*o + b*w = 635, -4*o + 276 + 371 = -w. What is the greatest common divisor of o and h?
23
Let p(z) = z**2 - z - 1. Let i be p(-1). Suppose -5*r + 79 = 19. Suppose b - r = -5. What is the highest common divisor of b and i?
1
Let h be 1*(-3 + 0) + 14. Calculate the greatest common factor of 88 and h.
11
Let t be 189/(-72)*-4 - (-3)/2. Let i = 136 - 40. What is the greatest common divisor of i and t?
12
Suppose -5*v + 3*u = u - 269, -5*v + 5*u = -260. What is the highest common divisor of v and 5?
5
Suppose g + g = 2. Let t = g - 1. Suppose 0 = -4*q + 3*i + 90, -2*i = -t*i + 4. What is the highest common factor of 14 and q?
7
Let u(g) = 2*g**2 - 4*g - 4. Let n(x) = -2*x - 2. Let a be n(-4). Let h be u(a). Calculate the highest common divisor of 4 and h.
4
Let m = 11 - 8. Suppose -b = -m*b + 20. Suppose 3*a - 29 = 1. What is the highest common divisor of a and b?
10
Suppose 140 = 6*z - z. Let q be z - -1 - (-5 + 6). Calculate the greatest common factor of q and 70.
14
Let b = -23 + 37. Suppose -3*k - 9 = -15. What is the highest common factor of k and b?
2
Let o = -177 + 267. Calculate the greatest common factor of o and 135.
45
Suppose -26 = -6*l + 4*l. Calculate the greatest common divisor of 13 and l.
13
Suppose 0*j = j + 20. Let k be (-112)/j*10/4. Suppose -o + 61 + 37 = 0. Calculate the greatest common factor of k and o.
14
Let v be (-1 - 23/(-3))*6. Let z be 4 + -8*(-1)/2. Calculate the highest common divisor of v and z.
8
Suppose -5*b = -2*r, 6*b = -r + 2*b + 26. Let z be 2/(223/(-75) - -3). Let c be (0 + 2)*z/3. What is the highest common factor of r and c?
10
Let v(q) = -3. Let z(p) = -p - 2. Let b(s) = 6*v(s) - 5*z(s). Let f be b(8). Calculate the highest common factor of f and 4.
4
Let n = -7 + 19. Let l(v) = -v**2 - 11*v - 6. Let c be l(-10). Suppose -376 = -c*h + 2*a + 2*a, -4*h = 4*a - 392. What is the greatest common factor of n and h?
12
Let d be (2/6)/((-3)/(-603)). Let t = 9 - 7. Let b be t*d - (5 + -6). Calculate the greatest common divisor of b and 15.
15
Suppose 0 = y - 7 - 9. Let a = y + -14. What is the highest common divisor of a and 2?
2
Let u(m) = 11*m**2 - m + 2. Suppose 0 = v - 2*v + 2. Let z be u(v). Calculate the highest common factor of z and 11.
11
Let u = -390 - -549. What is the greatest common factor of u and 106?
53
Let k(x) = 6*x**3 + x**2 - x. Let a be k(1). What is the greatest common factor of a and 4?
2
Suppose g - 2 - 54 = 0. Calculate the highest common divisor of g and 14.
14
Suppose 4*y = -3*x + 56, 5*y + 1 = -19. Suppose 4*z + 25 = -z, -5*s + 2*z = -15. Suppose k + s = 9. What is the highest common divisor of x and k?
8
Let g = 7 - -3. Calculate the highest common factor of g and 20.
10
Let h be 6/3 + 2197/13. What is the highest common divisor of 19 and h?
19
Let i be (16 - 2)*(-5)/10. Let j be i/(-14) + 78/4. Calculate the greatest common factor of 8 and j.
4
Suppose 38 = 3*l - 46. What is the highest common factor of 7 and l?
7
Let w = -16 - -92. Suppose -p + 95 = 4*p. Calculate the highest common factor of p and w.
19
Let s(v) = -7*v. Let b be s(-4). What is the highest common factor of 140 and b?
28
Suppose -5 + 10 = 5*o. Let c be 4*o*42/24. Calculate the greatest common factor of 77 and c.
7
Let g be (21/15 + 3)*60. What is the greatest common factor of g and 24?
24
Suppose 4*c + 6 = -0*c + 3*r, -4 = c - 2*r. Suppose 3*n = -2*x + 76, c = 5*x + n + 55 - 271. Calculate the highest common factor of 4 and x.
4
Let v be ((-4)/10)/(4/(-20)). Suppose -v*f = -0*f - 112. Suppose 0*z = 2*z - 4*h - f, 0 = 3*h - 3. What is the greatest common factor of z and 6?
6
Let f be (108/(-1))/(3 + -5). What is the highest common factor of f and 36?
18
Let t = 112 - 66. Let r = t - 33. Calculate the greatest common divisor of 13 and r.
13
Suppose -2*x = 5*p - 40, 2*p + 12 - 34 = -2*x. Let z = -4 + p. Let j be 10/3*(-12)/(-5). What is the highest common factor of z and j?
2
Suppose 4*s - 96 - 168 = 0. What is the greatest common factor of 44 and s?
22
Suppose 0 = -4*p - 2*t - 47 - 33, -5*t = -4*p - 108. Let c = p - -39. Let u be 33/2 + 2/4. Calculate the highest common factor of u and c.
17
Let n = 2 - 5. Let w be -21 - 1 - 3/n. Let s = w - -120. Calculate the highest common divisor of s and 9.
9
Let u = 36 + -4. Calculate the greatest common factor of 24 and u.
8
Suppose -2*q - 58 = -4*x, -5*x + 79 = q - 4. Calculate the greatest common divisor of 176 and x.
16
Let n(x) = x**3 + 3*x**2 - 6*x + 6. Let k be n(-5). Let b = -4 - k. Let g be (20/(-12))/((-1)/15). What is the greatest common divisor of b and g?
5
Let r = -9 - -12. Let a(y) = y**3 + 4*y**2 + 4*y + 3. Let n be a(-2). Let d be (n/(-4))/(1/(-12)). Calculate the greatest common divisor of r and d.
3
Let u(h) = 3*h - 5. Let f be u(8). Suppose 5 = 2*b - f. Calculate the greatest common factor of 84 and b.
12
Suppose 0*p - 2*p = 12. Let d be p*48/(-2*2). What is the highest common factor of d and 9?
9
Let v(i) = -i**3 - 6*i**2 - 5*i - 7. Let r be v(-8). What is the greatest common divisor of r and 23?
23
Let d = 6 + -3. Calculate the highest common divisor of 21 and d.
3
Let y be (4/6)/((-4)/(-42)). Calculate the greatest common factor of 35 and y.
7
Let m = -6 - -33. Calculate the greatest common factor of m and 3.
3
Suppose -3*q = 5*w + 11, 0*q - 9 = 5*q - w. Let u be (0 - -6) + q/2. Let d(v) = -v + 20. Let i be d(0). Calculate the greatest common factor of i and u.
5
Suppose -9*z + 6*z + 36 = 0. What is the highest common factor of 6 and z?
6
Let b = 5 - 3. Suppose b*a - 28 = 5*d, 5*d - 28 = -2*a - 0*d. Let i be ((-70)/(-25))/((-1)/(-20)). Calculate the highest common divisor of a and i.
14
Let u(d) = -d + 8. Let q(f) = f. Let g be q(-10). Let s be u(g). What is the highest common factor of 18 and s?
18
Let h = 14 + -13. What is the highest common factor of h and 9?
1
Let r = 6 + 6. Calculate the greatest common factor of r and 48.
12
Suppose f = -15 + 20. What is the greatest common divisor of 145 and f?
5
Suppose 19 - 31 = -2*p. What is the greatest common factor of p and 4?
2
Let w(o) = o**2 - 5*o + 7. Let g be w(5). Let u(l) = l**2 - 6*l + 6. Let k be u(g). Calculate the highest common factor of k and 13.
13
Suppose 15*d - 8 = 14*d. Calculate the highest common divisor of d and 12.
4
Suppose -4*z = -2*z - 6. Let f be 60 - 1*0/z. Calculate the greatest common divisor of 15 and f.
15
Let t(c) = c + 9. Let u(o) = -o + 11. Let n be u(0). Let s be t(n). Let d = 364 + -184. What is the greatest common divisor of d and s?
20
Let x(s) = s - 2. Let j be x(2). Let r be 1 + (1 - j/2). Suppose r*v + 3*l = 177, -2*l - 183 = -2*v + l. Calculate the highest common divisor of v and 10.
10
Suppose 11*o = 8*o + 54. What is the greatest common factor of o and 198?
18
Suppose v - k = -13, 0*k + k - 64 = 4*v. Let z = v - -24. Suppose 2*l - 16 = 12. Calculate the greatest common factor of l and z.
7
Suppose -2*b = -38 - 6. Let f be 4/b - 31/(-11). Suppose -2*j - 37 + 113 = 4*l, -5*j - 44 = -f*l. What is the highest common factor of l and 180?
18
Let i be 150/4 - (-4)/(-8). Suppose 0 = 5*j - i + 7. Let x be -2 - (4 - (0 + 72)). What is the greatest common factor of x and j?
6
Let a(b) = -b**3 + 16*b**2 + 20*b + 57. Let o be a(17). Calculate the highest common factor of o and 54.
54
Suppose -23 = -2*u + 15. What is the greatest common factor of u and 19?
19
Let g be ((-240)/35)/(4/(-42)). Suppose 4*s = -b + 2 + 33, -38 = -4*s + 2*b. Calculate the highest common factor of g and s.
9
Let z = 9 - 5. Suppose z*j - 6164 + 2342 = 2*n, 4*n + 938 = j. Suppose 4*x + 298 = j. What is the greatest common divisor of 15 and x?
15
Let z(v) = v**3 + 2*v**2 + 2*v + 4. Let y be z(-2). Suppose 3*j - 2 - 4 = y. Let r be ((-3)/2)/(6/(-16)). What is the highest common factor of r and j?
2
Suppose -4*y - 2*u + 21 = -3, 5*y = -4*u + 33. Let z(a) = a**3 + 7*a**2 - 7*a - 9. Let i be z(-7). Calculate the greatest common divisor of i and y.
5
Let a = 39 - 26. What is the greatest common facto